actor of 7 and p.
7
Let s be (-1)/(4/(-68)*1). What is the highest common divisor of 85 and s?
17
Let v be 5 + (1 - (1 + 1)). Suppose -5 = v*y - 29. Let z be 20/(-6)*(-18)/10. What is the highest common factor of z and y?
6
Suppose 0 = -5*v + 35 + 20. Let g be 0 + v + 0 + -1. Calculate the highest common factor of 80 and g.
10
Let w be ((-35)/28)/((-2)/64). Calculate the highest common factor of w and 20.
20
Suppose 0 = 4*m - 41 - 343. Let v(s) = 3*s**2 + 24*s + 12. Let d be v(-8). Calculate the highest common divisor of d and m.
12
Let q(k) = -7*k**2 + 5. Let h(a) = -a**2 + a + 1. Let y(t) = -6*h(t) + q(t). Let g be y(-5). What is the greatest common divisor of g and 44?
4
Suppose 1 = -w + 61. Let m(o) be the second derivative of o**5/10 - o**4/4 + o**3/3 + o**2 + 2*o. Let d be m(2). Calculate the highest common factor of d and w.
10
Let i(p) be the second derivative of -p + 0*p**2 + 1/6*p**4 + 0*p**3 + 0. Let a be i(-3). Calculate the highest common divisor of 90 and a.
18
Let x be (4/6)/((-16)/(-2376)). Calculate the greatest common factor of 11 and x.
11
Let t be ((-4)/10)/(4/(-20)). Let m be (t/(-2))/((-3)/21). Calculate the greatest common divisor of m and 1.
1
Let l = -5 + 9. Suppose 4*r + l*h + 22 - 66 = 0, 2*r - 26 = 2*h. Calculate the greatest common divisor of r and 3.
3
Suppose 0 = -6*d + 2*d + 12. Suppose -3*h + d + 3 = 0. Let m be h/((-6)/3) + 4. What is the greatest common divisor of m and 3?
3
Suppose -4*r = c + 3, -1 = r - 0. Suppose 3*n - 1 = 2. What is the greatest common divisor of c and n?
1
Let k be 15/(-10)*32/(-3). Suppose -18 - k = -i. What is the greatest common divisor of 51 and i?
17
Suppose -4*r + 3*f = -60, -r + 1 = 2*f - 3. Calculate the highest common factor of 36 and r.
12
Let r(x) = 13*x**2 + 3*x - 2. Let j be r(-3). Let g = 151 - j. Calculate the highest common factor of g and 5.
5
Suppose -c + 5 = 2. Suppose -c*a + 4*x = -15, 3*a + 2*x - 5 = 2*a. Calculate the greatest common factor of 5 and a.
5
Let l = -4 + -2. Let k be 12/8*(-16)/l. Suppose -n - n = -64. Calculate the greatest common divisor of n and k.
4
Let p(x) = x**2 - 7*x - 7. Let y be p(8). Let w = 5 - y. What is the highest common factor of w and 12?
4
Let i(t) = 13*t + 73. Let j be i(-4). Calculate the greatest common divisor of j and 42.
21
Suppose 2*c = i - 1, 2*i + 3*i = -2*c + 41. What is the highest common factor of 49 and i?
7
Let c(w) be the second derivative of w**3/3 + 2*w**2 - 2*w. Let m be 3*2 + 1 + -2. Let a be c(m). What is the greatest common factor of 7 and a?
7
Suppose -2*f - 2 + 44 = 0. Suppose -j - j = -4*i + 8, -5*j = 5*i + 5. Let b = f - i. What is the highest common divisor of 30 and b?
10
Let p(f) = 4*f**2 + 24*f - 16. Let l be p(-7). What is the greatest common divisor of 6 and l?
6
Let i = 268 + -125. Calculate the highest common factor of 13 and i.
13
Suppose 113 = 4*g + 393. Let v(f) = -3*f**2 - f - 5. Let t be v(-4). Let z = t - g. What is the highest common factor of 231 and z?
21
Let s = -8 + 7. Let r be s + 2 + 0 - -159. Calculate the greatest common factor of 16 and r.
16
Let n be (1 + -5)/(10/55). Let c be 4/n - (-884)/22. What is the greatest common factor of 8 and c?
8
Let t be (-411)/(-27) - (-2)/(-9). Let i be (-3 - -14 - 6) + 1. Calculate the highest common factor of t and i.
3
Let q(o) = -o - 1. Let r be q(-5). Suppose 0 = i + 2*v + 4, 0*i - r*i - 2*v = -2. What is the highest common factor of i and 12?
2
Suppose -5*k - 3*s = -k - 165, k - s = 50. What is the greatest common divisor of k and 18?
9
Let n(x) = 52*x - 2. Let g be n(1). What is the highest common factor of g and 25?
25
Let x = -6 + 11. Suppose 10 = 5*u, x*v - v = -2*u + 52. Let k be ((-12)/10)/(2/(-60)). Calculate the greatest common factor of v and k.
12
Suppose 4*p = 5*g + 28, -5*p - 3*g + 2 = 4. Suppose -3*r = -4*r + 4. Calculate the highest common divisor of r and p.
2
Let m(c) = c**2 - 11*c + 12. Let x be m(10). Calculate the highest common factor of 2 and x.
2
Suppose 0 = 5*l + 3*b - 161 - 829, -3*b = 0. What is the highest common factor of 22 and l?
22
Let p = 6 + -4. Suppose 3*l = 4*y + 112, 0*l = -p*l - y + 71. Calculate the highest common divisor of l and 9.
9
Let b(o) = -9*o**3 + 5*o**2 - o - 16. Let j be b(-3). Calculate the highest common divisor of 25 and j.
25
Suppose 0 = -2*n + 3*n - 294. Let b = -162 + n. Let g be (12/5)/(4/20). What is the highest common divisor of b and g?
12
Suppose 52 - 12 = 2*l. Suppose -5 = -5*q - y, -q - 4*y + l = -3*q. Let g = 3 - q. What is the highest common divisor of g and 6?
3
Suppose 3*c - 174 = 111. What is the greatest common divisor of c and 19?
19
Let t(u) = -5 - u - 1 + 4 + 25*u**2. Let k be t(-1). What is the greatest common divisor of k and 6?
6
Let v = 0 - -55. What is the highest common divisor of v and 11?
11
Suppose 0 = -2*k - 1 + 7, 5*p + 2*k - 71 = 0. What is the greatest common divisor of 104 and p?
13
Let h = -95 + 7. Let y = -11 - h. Suppose -2*d = 0, 4*d + 2 = -n + 13. Calculate the highest common factor of n and y.
11
Let q = 27 + -14. Suppose -3*k = -16 - 23. Calculate the highest common divisor of k and q.
13
Suppose -4*m = -3*b + 15, m = 4*m + 3*b - 15. Suppose m = u - 11. What is the highest common divisor of 88 and u?
11
Suppose -5*n = 5*c - 635, c + n = 2*c - 123. Suppose -4*v - 61 = -3*y, -4*y + c = y + 5*v. What is the highest common divisor of y and 161?
23
Let b be 2 + (2 - 4) - (-32 + -8). What is the greatest common divisor of 30 and b?
10
Suppose -3*q + 264 + 306 = 0. What is the greatest common divisor of q and 38?
38
Let s be (36/(-8))/((-1)/38). Let t = 67 + -48. What is the highest common divisor of t and s?
19
Suppose -5*c - p = -180 - 167, 4*p + 199 = 3*c. What is the highest common divisor of c and 46?
23
Let l = -21 + 49. Suppose -2*o - l = -0*o. Let v = -9 - o. Calculate the greatest common factor of v and 10.
5
Let d(o) = o**3 + 10*o**2 - 2*o - 14. Suppose 5*h - h = -40. Let y be d(h). What is the greatest common factor of y and 18?
6
Let k(r) = -r**2 + 13*r - 13. Let v be k(11). What is the highest common divisor of 63 and v?
9
Let u(k) = k**2 - 2*k + 5. Let h be u(5). What is the highest common factor of 160 and h?
20
Suppose n + 4*y = 103 + 45, n - 172 = 4*y. Calculate the greatest common factor of 64 and n.
32
Let h be (14/8)/(4/16). Let s = h + -5. Suppose -9 - 103 = -s*u. What is the greatest common divisor of u and 8?
8
Suppose 0 = -8*l + 13*l - 75. Calculate the greatest common divisor of 30 and l.
15
Suppose 0 = -4*n + 6*n - 90. Let x = n - -108. Calculate the greatest common factor of 17 and x.
17
Let s(c) = -c**2 - 4*c - 3. Let l be s(-3). Let t be -3*30/(-9) - l. Calculate the greatest common divisor of t and 5.
5
Suppose -4*k + 5 + 3 = -5*h, 0 = -5*k + h - 11. Let w be k/6 - (-79)/2. Calculate the highest common factor of 13 and w.
13
Let r be (5 + 16/(-3))/((-2)/24). Let q(w) = w**3 + w**2 + 2. Let k be q(0). Calculate the highest common divisor of k and r.
2
Let o be 0/((-2 + 0)/1). Suppose 2*q = -o*q. Suppose -t + 36 = -q*t. What is the highest common factor of t and 54?
18
Suppose -6*g + 74 = -g - t, -55 = -4*g + 5*t. Suppose 5*x - 35 = -g. Let u be (-1 - -1) + 21 + -1. Calculate the highest common divisor of u and x.
4
Let i = 6 + -6. Let x = i - -4. Suppose -3*o + x = -2*t, 2*o = 5*t + 1 - 2. Calculate the greatest common factor of 18 and o.
2
Let g be (-4)/6 - 22/3. Let x(s) = s**3 + 7*s**2 - 7*s + 10. Let p be x(g). What is the highest common divisor of p and 18?
2
Let t = 154 - 55. Suppose 4*l + 3*a - t = 4*a, -5*a - 120 = -5*l. Calculate the highest common factor of 25 and l.
25
Let j = -8 - -14. Let p be j/27 + 284/18. Calculate the highest common factor of 40 and p.
8
Let v(r) be the first derivative of -19*r**2/2 + 10*r + 3. Let z be v(-7). Calculate the highest common factor of z and 13.
13
Suppose 4*c = -c + 20. Let p = c + 5. What is the greatest common divisor of p and 72?
9
Suppose -u - 2*u = 21. Let g(t) = -12*t + 6. Let k be g(u). Suppose 4*d - 21 = -r + 7, -5*d = 10. What is the greatest common divisor of r and k?
18
Let m be (-3 + -31)*((-10)/(-4) + -3). Calculate the highest common factor of m and 136.
17
Suppose -4*w = 2*s - 638, 3*s = 3*w - 4*w + 932. Let k = 219 - s. Let q be 6/(-10) - k/25. Calculate the greatest co